8*p + 3. Let x(r) = -7*r - 4. Let z(o) = 6*f(o) + 5*x(o). Let l be z(2). Suppose l = 2*g + g. What are the prime factors of g?
2
Let c(g) = -g**3 + 5*g**2 + g - 5. Let p be c(5). Suppose 0 = -p*q + 2*q - 54. What are the prime factors of q?
3
List the prime factors of (-507)/(-6) - 1/2.
2, 3, 7
Suppose y + 10 = 2*y. Let c be (-6)/y + (-6)/(-10). Suppose c = h - 4*m - 0 - 4, -5*m = 2*h - 60. List the prime factors of h.
2, 5
Let l(r) = -6*r + 78. What are the prime factors of l(-18)?
2, 3, 31
What are the prime factors of (-178)/3*(-3)/2?
89
Let v = 9 - -10. List the prime factors of v.
19
Suppose 2*w - n = -128 + 578, -653 = -3*w - 4*n. What are the prime factors of w?
223
Suppose 2*g - g = 47. List the prime factors of g.
47
Let x be -14 - ((-2)/(-1) + 0). Suppose -z - 20 = 4*d + 3*z, -3*z + 13 = -4*d. Let a = d - x. List the prime factors of a.
2, 3
Let m = -110 - -216. What are the prime factors of m?
2, 53
Suppose 6*m = 5*m + 55. What are the prime factors of m?
5, 11
List the prime factors of 209/5 - (-1)/5.
2, 3, 7
Suppose 5*a = 4*r - 144, -3*a = -4*r + 216 - 80. What are the prime factors of r?
31
Suppose -5 = 3*v - 20. Let j(u) be the third derivative of u**5/60 - u**4/12 - 5*u**3/6 + u**2. List the prime factors of j(v).
2, 5
Let h = 156 - 43. List the prime factors of h.
113
Let n = -83 + 266. List the prime factors of n.
3, 61
Let q = -1 - -3. Let r be -14*((-15)/5 - -2). Suppose -t = -q*k + r, k - 5 = -t + 2*t. What are the prime factors of k?
3
Suppose 18 = w + 4*g, -2*w - 24 + 5 = -3*g. Let h be 2/((2/w)/(-2)). Suppose -h*c - 5*m + 39 = 0, 2 + 4 = c + 2*m. List the prime factors of c.
2
Let q(w) = 12*w**3 + 2*w + 4. What are the prime factors of q(2)?
2, 13
Suppose -p - 4*p = 0. Suppose 4*i + p*f - 3 = 5*f, 0 = -2*i + 2*f + 2. Suppose 3*l - 2*x + 7*x = 2, 0 = -l - i*x. List the prime factors of l.
2
Suppose 2*f + 53 = 2*i + 5*f, -5*i + 2*f = -161. What are the prime factors of i?
31
Suppose -5*u + 0*u - a + 257 = 0, -162 = -3*u + 2*a. List the prime factors of u.
2, 13
Let q = -37 - -25. Let i be 14/(-3) + 4/q. List the prime factors of (i/4)/((-2)/8).
5
Suppose 293 = 6*f + 101. What are the prime factors of f?
2
Suppose -2*u - x + 2 = -18, 0 = 2*u - 3*x - 36. List the prime factors of u.
2, 3
What are the prime factors of 285/7 + (-6)/(-21)?
41
Let p = -29 + 16. Let a = 2 - p. List the prime factors of a.
3, 5
Let z(x) = -x + 14. Let g be z(12). Suppose 4*w = 50 - g. List the prime factors of w.
2, 3
Let n be (-3)/((-9)/6 + 0). Suppose -n*j + 14 = -0*j. What are the prime factors of j?
7
Let r = 312 + -184. List the prime factors of r.
2
Let y be (-13)/(-4) - 2/8. Let i be -1*(0 - -1)*y. What are the prime factors of 4*(-9)/i + 2?
2, 7
Let r = -2 - -6. Suppose i + r = 7. Suppose -4*w = c - w + 5, i*w = 5*c - 65. List the prime factors of c.
2, 5
Suppose -r + 4 + 1 = 0. List the prime factors of r.
5
Suppose 152 = -4*y + 8*y. List the prime factors of y.
2, 19
Suppose 0 = 2*b - 4*b - 2*w + 16, 2*w + 4 = 3*b. Let x be b/(-8)*(-4)/(-1). What are the prime factors of 3/x*24/(-9)?
2
Let g = -2 - -4. Let i(w) = 3*w**g - 2*w - 3 + 2 + 4*w. What are the prime factors of i(-2)?
7
Suppose -4*h + 20 = -h + 2*c, 5*h - 48 = 4*c. Let d = h + 9. What are the prime factors of d?
17
Let c be (0 - -2) + 62 + 0. Let b = 98 - c. Suppose -2*q + 22 = 5*p - b, 5*q = p - 22. What are the prime factors of p?
2, 3
Suppose 3*x + 42 + 12 = 0. What are the prime factors of 1072/36 + (-4)/x?
2, 3, 5
Suppose -4 = -3*k + s, 4*k + 4*s = -13 - 3. Suppose b = 3*d + 1 + 9, k = 5*d. What are the prime factors of b?
2, 5
Suppose 0 = -5*l + 136 - 31. List the prime factors of l.
3, 7
Let n = 82 + -62. What are the prime factors of n?
2, 5
Suppose -4*j - j + 5*b - 10 = 0, -5 = -b. Suppose 7 = -j*p + 46. List the prime factors of p.
13
Let t(p) = -p + 4. Let x be t(4). Suppose 0 = -5*k - 4*g + 65, x*k - 5*g = -2*k - 7. List the prime factors of k.
3
Suppose -z = 3*z + 24. Suppose 84 = 20*g - 24*g. Let r = z - g. What are the prime factors of r?
3, 5
Suppose 25 = 5*s + 115. Let b = 15 - s. What are the prime factors of b?
3, 11
Suppose -6 = 5*o - 3*o. What are the prime factors of (-3)/(o*3/21)?
7
What are the prime factors of ((-176)/33)/((-2)/3)?
2
Let p(n) = -3*n - 3. Let h be p(-6). Let d be 52/12 - (-2)/3. Suppose -5*z + d = -h. List the prime factors of z.
2
Suppose 5*g + h = 1, -2*g + 0*h = -4*h + 4. Let a = g - -7. Suppose 3*k - a*k = -4*m + 12, -4*k = -2*m + 2. List the prime factors of k.
2
Suppose -2*c - 3*c = -40. Suppose -2*s + c = 2. Suppose s*n - n = -2*p + 28, -6 = p - 4*n. List the prime factors of p.
2, 5
Let l = 562 + -327. List the prime factors of l.
5, 47
Let j(f) = -6*f - 2. Let l be j(-5). Let y be ((-8)/(-10))/((-12)/(-30)). Suppose -y*n - 5*c - 6 = 0, 4*n - 5*c - l = 20. List the prime factors of n.
7
Suppose 3*p - 125 - 10 = 0. Let j = p - -2. What are the prime factors of j?
47
Let m = -20 + 39. Let i = m + -9. Suppose i = 2*d - d. List the prime factors of d.
2, 5
Let b = 23 - 16. Suppose y - 29 = z, 3*z = y + 8*z - 23. Suppose -y = 3*n - b*n. What are the prime factors of n?
7
Let c(g) = 2*g**2 + g - 2. Let a be c(-2). Let i be ((-2)/a)/(3/(-144)). Suppose -k = -2*j - i, -2*k + 24 = 5*j + 3. List the prime factors of k.
2, 3
Let c(f) be the third derivative of 0 - 3*f**2 - 1/12*f**4 + 0*f + 0*f**3. What are the prime factors of c(-10)?
2, 5
Suppose 6*u - 504 = -0*u. What are the prime factors of u?
2, 3, 7
Suppose 2443 = 9*c + 274. List the prime factors of c.
241
Let h(a) = -a**3 - a**2 - 2*a + 7. List the prime factors of h(0).
7
List the prime factors of 154/6 + 1/3.
2, 13
Suppose -3*u - 2*u = 10. Let x = u - -4. Let k = 8 - x. List the prime factors of k.
2, 3
Let m = 69 + -34. Suppose -d = 2*k - 60, -k = -2*d - 0*d - m. List the prime factors of k.
31
Let f be 1/(1*(-3)/27). Let m be (2/(-3))/((-2)/f). Let k(t) = -6*t - 2. List the prime factors of k(m).
2
Let u(s) = 2*s - 7. Let c be u(10). Let t(p) = -p**3 + 12*p**2 + 14*p + 13. What are the prime factors of t(c)?
2, 13
Let b = -72 - -109. List the prime factors of b.
37
Let u(q) = 42*q**2 + q. What are the prime factors of u(1)?
43
What are the prime factors of 107 - (0 - 4/(8/(-6)))?
2, 13
Suppose -2*b + 5*b + 6 = 0, 2*b - 4 = -2*k. Suppose 2*o - g - 8 = -6*g, k*g - 1 = -o. What are the prime factors of o?
3
Let k be -2 + (-5)/((-10)/4). Let f(y) = 0*y**2 + 3 + k*y**2 + y**2 + 2*y + 0. What are the prime factors of f(-3)?
2, 3
Suppose -5*c + 9*c = 640. List the prime factors of c.
2, 5
What are the prime factors of 6/(-4)*112/(-6)?
2, 7
Suppose 4*b = -9 + 33. Suppose b*n + 55 = n. Let m = n + 15. List the prime factors of m.
2
Let n(q) = -q**3 + 8*q**2 + q - 1. Let s be n(8). Suppose -s = -p - 1. What are the prime factors of p?
2, 3
Suppose 2*o + 82 = 4*t, 4*o - t + 144 = 2*t. Let k = 51 + o. What are the prime factors of k?
2, 3
Let n(t) = -t**3 - 9*t**2 - 2*t - 9. List the prime factors of n(-9).
3
Suppose 5*j = -5 + 35. Let k = j + -4. List the prime factors of k.
2
Let t(o) = 12*o**2 - o + 1. List the prime factors of t(3).
2, 53
Suppose 0*t + 2*t - 6 = 0. Suppose i + 2*d = 12, -2*i + d + 3 + 1 = 0. Let u = t + i. What are the prime factors of u?
7
Let g(y) = y + 8. Let w be g(-6). Let c(v) = 0*v**w - v**2 + 2*v**2 + 2 + 2*v. What are the prime factors of c(-4)?
2, 5
Let p(h) = -h - 9. Let d be p(-11). Suppose v + 5 = 0, d*j - 2*v - 55 = 3*v. What are the prime factors of j?
3, 5
Let z(f) = 6*f - 4. List the prime factors of z(6).
2
Suppose c + 3*c = 0. Suppose c = -4*z - 5*k + 105, -4*z + 3*k + 0*k = -65. List the prime factors of z.
2, 5
Suppose -4*x = 56 - 804. What are the prime factors of x?
11, 17
Let a be 1*(9 + -1)/2. Let n = a + -2. Suppose -3*m = -8 + n. List the prime factors of m.
2
Let f = 43 + 7. What are the prime factors of f?
2, 5
Let m(k) = 6*k + 29. What are the prime factors of m(8)?
7, 11
Let s = 12 + 6. Suppose 4*m = m + s. List the prime factors of m.
2, 3
Suppose 120 = 3*w - 8*w. Let x = -16 - w. What are the prime factors of x?
2
Let l(c) be the second derivative of -c**3/6 - 3*c**2/2 - c. Let y = 21 + -26. What are the prime factors of l(y)?
2
Let n = 6 - 3. Let f = 13 - n. List the prime factors of ((-12)/5)/((-3)/f).
2
Suppose 3*y - 4*y = 0. Su